20)/14*(-2)/5. Let p = 131 - a. Let x = -218 - p. Is x a composite number?
False
Let c(t) = 105*t**2 - 182*t - 8. Is c(39) a composite number?
False
Let a(l) = -4*l**3 + 10*l**2 + 50*l + 13. Let y be a(-10). Let g be -1211*((-144)/(-14))/4. Let q = g + y. Is q a composite number?
False
Let s be 86/(-4)*-2*-1. Let h = s - -54. Suppose 3*z - h*z = -35368. Is z a composite number?
False
Let k be (-103)/(-3) - 1/3. Let p = -30 + k. Suppose -6*w + 150 = p*w. Is w prime?
False
Let x(d) = -d. Let p(u) = u**2 - 4*u + 5. Let s(f) = -p(f) + 3*x(f). Let n be s(6). Let k = n - -84. Is k prime?
False
Suppose -s + 7*p = 3*p - 52241, -5*s + 261280 = -5*p. Is s prime?
False
Suppose 0 = -4*l + 5*i - 2*i - 1, 0 = 5*l + 3*i - 19. Suppose -l*n + 24448 = -5*v, 0 = 5*n - 3*v - 78595 + 17456. Is n a prime number?
False
Let l = 482103 + -168026. Is l a prime number?
True
Suppose -570*p - 131268 = -582*p. Is p prime?
True
Suppose -94*v - 2*j = -97*v + 1585279, -3*j - 1056841 = -2*v. Is v prime?
False
Suppose 11*l - 12*l + 3 = 0. Let m be 0 + l + 3 + 1496. Suppose 0*v - m = -2*v. Is v prime?
True
Let m(o) be the first derivative of -3*o**4/2 - 3*o**2 + 14*o + 2. Let s be m(-6). Is s - (5 + -3 - -1) a prime number?
False
Let c be (-3)/(-2) + -5 + (-52)/(-8). Let q(u) = 7 - 3 - 5*u + 1026*u**3 + 1584*u**c. Is q(1) a composite number?
False
Let d(z) = -1522*z**3 - 13*z**2 - 5*z - 79. Is d(-6) a composite number?
True
Suppose 8273932 = 175*o - 26873593. Is o a composite number?
False
Let p(c) = -61499*c**3 - 53*c**2 - 53*c. Is p(-1) a composite number?
True
Is (-84)/(-70) + 2251156/20 a composite number?
False
Let d(x) = 3861*x**2 + 100*x + 2511. Is d(-28) a composite number?
True
Let g = -2236607 + 4821040. Is g a prime number?
True
Let a(q) = -q**3 - 2*q**2 - q - 4. Let x be a(0). Is 1110 - (44/x - -6) prime?
False
Let l = 10526 + -5175. Suppose -5315 = -5*x + 5*o, -3*x - 4*o + l = 2*x. Is x a prime number?
False
Let z(q) = -q**3 - 18*q**2 + 5*q + 30. Let v be z(-18). Let k be (3 - 0 - 0) + -4 - v. Let r = k - -54. Is r composite?
False
Suppose -29*l = -80302 + 3945. Is l a composite number?
False
Is 1071/(-595) + (-12)/10 + 195271 + 1 composite?
True
Let l(c) = -14473*c - 6517. Is l(-62) composite?
False
Suppose -5*o + 237 = -4*u - 617, -3*u - 629 = 2*o. Let d = u - -402. Is d a composite number?
False
Let l(r) = 150*r**2 + 2*r - 6. Let h be ((-8)/32 + (-18)/(-8))*1. Let k be l(h). Let z = k + 411. Is z a prime number?
True
Suppose -y + 5*y = 24. Let s be -1 - (-2 - -5)/(y/(-16)). Suppose -6*r = s*r - 26689. Is r composite?
False
Suppose 20687 = d + 98*n - 100*n, 0 = 4*d - 3*n - 82783. Is d composite?
True
Suppose -285*n = -286*n - 5. Is (0 - 11)/(n - (-18228)/3647) composite?
True
Is -17 + (22 - 12) - -93104 a composite number?
False
Let n(w) = 7*w**3 + 11*w**2 - 2*w + 3. Let l be n(9). Suppose -k - 1142 + l = 0. Is k prime?
False
Let r be (-6 - -1) + (-7 - -15). Let y(m) = 675*m + 184. Is y(r) a composite number?
True
Is 1*-3 + (-9)/18*-20 + 39492 prime?
True
Let d = 216093 + -67346. Is d prime?
True
Suppose 20 = -q + 18, -3*j = -2*q - 135703. Is j prime?
True
Is 2/(-21) + (-16922256)/(-819) + 1 composite?
False
Let c(y) = 2*y + 3. Let u be c(-2). Let g = u + 3. Is (1043/14)/(g/28) prime?
False
Suppose -158*y - 175*y = -72*y - 114533847. Is y a prime number?
True
Suppose -42 = -3*r + 3*x, 3*r - 2*x - 3*x = 36. Suppose 10*w - r = -7. Let u = 130 + w. Is u prime?
True
Suppose 3*h - 14604 = -9*q + 12*q, -2*h + q = -9742. Is h composite?
True
Suppose 0 = 4*b - 4*d - 8, -3*b - 1 = -d - 7. Is (-42)/(-63)*16413/b a composite number?
False
Let s(n) be the second derivative of n**4/12 + 2*n**3 + 8*n**2 - 12*n. Let m be s(-11). Suppose -h - m*h = -2676. Is h a composite number?
True
Let l(x) = 3*x**3 + 5*x**2 + 2*x - 13. Suppose 0 = 4*c - 16, c - 24 = 5*f - 9*f. Is l(f) a prime number?
False
Suppose 35890 = 18*h - 252704. Is h composite?
False
Let f be ((-2375)/20)/(2/16). Let q = -603 - f. Is q a prime number?
True
Let j(m) = 87*m**2 + 7. Let a = -44 + 43. Let v be 2/(-4)*-2 + (-3)/a. Is j(v) prime?
True
Let h(l) = 2*l**3 + 10*l**2 + 10*l + 3. Let y(a) = -a**3 - a**2 - a. Suppose 3*p = -3 - 6, 27 = 4*g - p. Let f(j) = g*y(j) + h(j). Is f(-4) a prime number?
True
Suppose 8*w + 12418 = -8886. Let c = w - -4736. Is c composite?
True
Let u(k) = k**3 + 14*k**2 - 16*k - 8. Let i be u(-15). Suppose 2*o = i*o - 3810. Let m = o - -2437. Is m a composite number?
True
Let q(f) be the third derivative of -2383*f**4/24 - 11*f**3/6 + 6*f**2 - f. Is q(-4) a prime number?
True
Let x = 278 + -272. Suppose x*i = -6*i + 118716. Is i a composite number?
True
Let j(v) = v**3 + 6*v**2 - 6*v - 9. Let h(a) = a + 4. Let s be h(3). Let n be j(s). Suppose -6*r + 8*r = n. Is r a composite number?
False
Is ((-44)/11 - -2)/(-3) + (-2810)/(-6) prime?
False
Let s = 106 - 104. Let v(a) = -a - 2*a - 1 - s*a - a + 18*a**2. Is v(5) a prime number?
True
Let s(m) = 11*m**2 - 57*m + 861433. Is s(0) a composite number?
False
Let t(o) = -10*o - 57. Let k be t(-6). Suppose i + 4*i = k*b + 11477, 3*i + b = 6875. Is i composite?
False
Let i be (1 - -8) + 57/(-19). Suppose 0 = i*j - 1930 - 17048. Is j prime?
True
Let f be 2/3*(-5 + 13 + -5). Suppose 14 = -4*t - 6, -f*y - 3*t + 3381 = 0. Let i = -1199 + y. Is i composite?
False
Let h(k) = -k**3 + 3*k**2 - 23*k - 18. Let v be h(-14). Let b = v + 14423. Is b prime?
True
Suppose -4*u + 52 = -6*r + 7*r, -5*r + u = -323. Suppose -q = 3, -60*w - 4*q - 21752 = -r*w. Is w a composite number?
True
Suppose 334*o = -106*o + 35713793 + 26083767. Is o prime?
True
Let l = 31270 - 1654. Suppose -2*v + 33810 + l = 4*c, 5*c = 4*v + 79315. Is c a prime number?
True
Let d be 2016/(6 + 1) - -4. Is 5*d*5/20 a composite number?
True
Let a(t) = 66*t**2 + 621*t + 143. Is a(-58) composite?
False
Suppose 0 = -22638*z + 22648*z - 30490. Is z a composite number?
False
Let r = -46 + 48. Let q be 1*(3 + r/(-1))*-2. Let n(k) = 20*k**2 + 2*k + 1. Is n(q) composite?
True
Let j(n) = -66 - 1 + 188*n + 84*n + 7*n. Is j(2) a composite number?
False
Let h = -539703 - -1458304. Is h prime?
False
Suppose -3*c + 1082 = 353. Let f = 10596 + c. Is f composite?
True
Suppose 12*n + n = 13. Is -5 + 6 - (n - 3 - 3758) a composite number?
False
Suppose 0 = -21*u + 84342 + 24396. Let g = 9499 - u. Is g prime?
False
Suppose q + 50258 + 70295 = 2*q. Is q composite?
True
Suppose 2*g + 5*y - 68 = 0, g = -0*g - 2*y + 34. Suppose j = -5*c + 395, -3*j - 2*c + 1137 = -3*c. Let a = j - g. Is a composite?
True
Suppose -4*w = -3*p - 145425, -5*p + 11 + 14 = 0. Let u = -4487 + w. Is u composite?
False
Let a = 81 - 79. Is a/(-16) - (276405/(-40) + -1) a prime number?
True
Suppose 4*s + 151686 = -4*m + 1413090, 8 = 2*m. Is s a prime number?
False
Let v(f) = 3*f - 37. Let r be v(6). Is (-1)/((-1292)/(-3894) + r/57) prime?
False
Suppose 2*l + 10 = z, 5*z - 38 = -0*z - 2*l. Suppose 3*n - 3360 = 7*p - z*p, -p = -n + 1124. Is n a composite number?
True
Let i = 26 + -23. Suppose m = 4, -i*o - 3*m + 22 = -41. Suppose -o*a + 16291 = -6*a. Is a a prime number?
True
Suppose 5*z = 5129 + 8896. Suppose 469 + z = b. Is b prime?
False
Suppose 0 = -83*j + 112*j - 5208487. Is j a composite number?
False
Let k = 62484 + -91198. Is (0 + 1)/(1 - k/(-28721)) a composite number?
True
Suppose -3*w = -2*d - 49352, 5*w + 2*d = 53705 + 28543. Is (-94)/141 + w/6 prime?
True
Let y be (-11 + (2 - -1))/(2*-1). Suppose u + 2*u = -4*w - 129, -3*u = -y*w - 159. Is (-78021)/w + (-14)/(-8) + -2 composite?
True
Is 5298834/33 - 48/(-176) composite?
True
Let i = 135 + -536. Let u = 2854 + i. Is u composite?
True
Let x(v) = 100*v**2 - 10*v - 13. Let u(h) = h**3 + 6*h**2 - 5*h + 3. Let j be u(-7). Is x(j) prime?
True
Suppose -o + 12067 = 2*x, -x + 7954 - 1917 = 4*o. Is x a prime number?
False
Suppose -886*i = -917*i + 385981. Is i prime?
True
Let h = -657 - -674. Suppose 0 = -h*g - g + 296658. Is g prime?
True
Suppose -17*s + 1609029 - 414762 = 0. Is s prime?
False
Let m(r) = r**3 - 8*r**2 + 4. Let l = 55 - 45. Let h = l + -1. Is m(h) composite?
True
Let o(u) = 2. Suppose -6 = 2*t - 2*d, -4 = -d - 0*d. Let l(b) = -247*b - 25. Let c(q) = t*l(q) + o(q). Is c(-6) a composite number?
False
Suppose -10*w = 2*i - 2*w - 1099882, 3*i = 5*w + 1649806. Is i composite?
False
Le